be h(-2). Let m = o - 24. What is the units digit of m?
8
Suppose 0 = 2*u + 2*u + r, 5*r + 18 = -2*u. Let v be 132/(3 + u) + 4. Suppose 0 = f + 9 - v. What is the tens digit of f?
2
Suppose 4*i + 1808 = 4*v, 3*i + 908 = 7*v - 5*v. What is the tens digit of v?
4
What is the hundreds digit of 9146/30 + (8 - (-1180)/(-150))?
3
What is the hundreds digit of ((-2040)/306)/((-4)/306)?
5
Let t be -1 + ((-7665)/(-63) - (-1)/3). Let b(l) = 5*l**2 - l - 2. Let d be b(3). Let u = t - d. What is the tens digit of u?
8
Suppose 4*t - 12 = 0, 0*s - t + 15 = 4*s. Let g(n) = 6*n**3 - s + 2 + 0*n**3 + 0. What is the units digit of g(1)?
5
Let n(y) be the third derivative of -y**4/4 - 13*y**3/6 - 107*y**2 - 1. Suppose -3*z - 26 + 2 = 0. What is the tens digit of n(z)?
3
Suppose -13*f - 16*f + 9599 = 0. What is the hundreds digit of f?
3
Let c(k) = 10*k - 4. Let r be c(2). Let t = 18 - r. Suppose -3*l + 79 + 23 = t*p, -2*l + 70 = 2*p. What is the units digit of l?
2
Let h(d) = -8*d + 62. Let o be h(7). Suppose -3*m - o = -75. What is the units digit of m?
3
Suppose 2*x - 4*r - 672 = -182, x - 4*r - 241 = 0. Suppose 5*p + 384 = -z + 4*z, 2*z - p - x = 0. What is the tens digit of z?
2
Suppose 4*o - 340 = -o. Suppose 28*c - 32*c = o. Let l = c - -18. What is the units digit of l?
1
Suppose -6*l = -2*l - 216. Suppose 0*d + 5*d + 4*g = -90, 3*d + 5*g + l = 0. Let q = d + 29. What is the tens digit of q?
1
Let h = -279 - -543. What is the tens digit of h?
6
Let v(g) = -42*g - 6. Let i be v(-6). What is the tens digit of i/8 - (-15)/60?
3
Suppose -5 = a + 3*f, 5 = 5*f - 10*f. Let l be (-2)/a - (-8)/4. Suppose 0*n = l*p + 5*n - 82, -4*n - 149 = -5*p. What is the units digit of p?
9
Let o(s) = -s + 12. Let f be o(7). Let i = 14 - f. Let r = i + 20. What is the tens digit of r?
2
Let d be 7*((-830)/(-35) + 2). Suppose 2*n - 6*n = 2*i - 20, -5*n + 23 = 2*i. Suppose -z = -i*z + d. What is the units digit of z?
0
Suppose -3*p + 10*p = 245. What is the units digit of p?
5
Suppose 4*f = -f + 10. What is the units digit of (185 - 6 - f)*(-1)/(-3)?
9
Suppose -m + 4*m = 4*g - 11, 3*g - 6 = 0. Let i be (m/2)/((-2)/12). Let r(l) = 5*l**2 - l + 3. What is the tens digit of r(i)?
4
Let o = 13 + -144. Let x = -127 - o. What is the units digit of x?
4
Suppose -112 = -4*j - 2*v, 3*j - 128 + 41 = -3*v. Suppose 0 = 2*y - j - 85. What is the units digit of y?
6
Suppose -3*d - 4*d - 280 = 0. Let r = -20 - d. What is the tens digit of r?
2
Let h(g) = -g**2 + 9*g + 9. Let d be h(10). What is the tens digit of (-37)/(-3) + d/3?
1
Let y(h) = h**3 - 7*h**2 - 4*h. Let u be y(6). Let r = u - -15. Let i = -26 - r. What is the units digit of i?
9
Suppose 0 = d + 4*d + 5. Let y be (d - (-5)/1) + -2. Let g(a) = 4*a + 2. What is the tens digit of g(y)?
1
Suppose -2*d - 4*v + 1534 = 0, 1342 = -3*d - 5*v + 3645. What is the units digit of d?
1
Let a = -60 - -114. Suppose 0 = -2*n - 4*n + a. What is the units digit of n?
9
Let r = 583 + -83. What is the hundreds digit of r?
5
Suppose 26 = 3*v + 2. Let h = v + -5. Suppose h*n - 20 = -8. What is the units digit of n?
4
Suppose 5*u = -2*g + 869, -3*g = -7*g + 3*u + 1803. What is the tens digit of g?
4
Let j(g) = -g**3 - 14*g**2 + 16*g + 31. What is the thousands digit of j(-18)?
1
Suppose b = -3*k + 1678, -3*b - 930 = -4*k + 1303. What is the units digit of k?
9
Let j be 9/4*(16 + -8). Suppose 5*v + 12 = -j. What is the tens digit of 11 + v/(-2) + 2?
1
Let t be (9/(-6))/((-3)/6). Suppose -2*m = t*r - 2, -4*m + 19 = -5*r - 7. What is the units digit of m?
4
Let x be (-7)/(-77) + 1384/22. Suppose 16*m - x = 161. What is the units digit of m?
4
Let u be -1*(42/(-24) - 2/8). Suppose -127 = -u*z + 91. What is the hundreds digit of z?
1
Suppose 15*w - 45 = 20*w. What is the units digit of (-2844)/(-24) + w/6?
7
Suppose 5*f - 9 = 2*f. Suppose -f*k + 6 = -0*k. Suppose -13 - 23 = -k*p. What is the tens digit of p?
1
Let y = 15 + -14. Let h = y + 1. What is the tens digit of (108/(-10))/(h/(-5))?
2
Let y(d) = 2*d**2 - 22*d - 56. What is the units digit of y(-18)?
8
Suppose 3*c = -9, -18 = -3*z + 3*c + 372. Suppose 53 + z = 3*p. What is the units digit of p?
0
Let u = 105 + -97. What is the units digit of 12/u - 3/(30/(-2105))?
2
Suppose b = -s + 105, -3*s - 3*b + b + 315 = 0. Suppose s*i = 100*i + 205. What is the units digit of i?
1
Let f = 3011 + -2222. What is the hundreds digit of f?
7
What is the units digit of (-4)/(-6)*(-9 - (6 - 51))?
4
Suppose 5*t - 3*u - 503 = 179, 2*t + 5*u = 248. What is the units digit of t?
4
Let a = 2 + -46. Let h = a - -50. What is the units digit of h?
6
Suppose 20*u - 8975 = -5*u. What is the units digit of u?
9
Let b = 337 + -337. Let r(g) = 0*g**3 + g + g**3 + 17 - 8. What is the units digit of r(b)?
9
Let b = 8099 + -5675. What is the tens digit of b?
2
What is the hundreds digit of ((-24955)/(-30) - 6) + (-10)/12?
8
Let v = 1691 - 68. What is the tens digit of v?
2
Let l(u) = -4*u**3 + 9*u**2 - 3*u + 4. Let r be l(4). Let d = 214 + r. What is the tens digit of d?
9
Let a be 4/(3*-4)*111. What is the tens digit of (-5)/((-15)/9) - 2 - a?
3
Suppose 0 = 4*k + 2*x - 2, -5*x - 2 + 0 = 3*k. Let u be k/4 + (-180)/(-48). Suppose 3*y + 41 = 6*y - u*m, -3*m = y + 8. What is the units digit of y?
7
Suppose 17*q - 22557 = 7091. What is the hundreds digit of q?
7
Let p(s) = -177*s + 70. Let f(t) = 88*t - 36. Let h(m) = -7*f(m) - 3*p(m). What is the tens digit of h(-3)?
9
Suppose -9 = 5*r - 29. Suppose 0*f - 1200 = -r*f. What is the units digit of f?
0
Suppose 5*u = 2 - 12. Let r be -5 + (u - -1) + 0. What is the units digit of 237/21 - r/(-21)?
1
Suppose -3*t + 3*u = 2*u - 17, t + 6 = -2*u. Suppose 0 = -t*x + 60 + 288. Suppose -2*v - 25 = -x. What is the tens digit of v?
3
Suppose 2154 + 2576 = 11*r. What is the hundreds digit of r?
4
Suppose 2681 + 2839 = 8*t. What is the tens digit of t?
9
Let a(s) = s**3 - 11*s - 8. Let d(y) = 7*y - 8. Let r be d(2). What is the hundreds digit of a(r)?
1
Suppose -4 = 7*f - 9*f. Suppose 4*b - 5*u - 209 = 0, -4*b + 50 = -f*u - 156. What is the tens digit of b?
5
Let w = -21 + 3. What is the tens digit of ((-4 - -5) + w/2)*-4?
3
Let r = -3509 + 6213. What is the units digit of r?
4
Let l(p) be the second derivative of -p**4/12 - 7*p**3/3 + 25*p**2/2 - 2*p. What is the tens digit of l(-11)?
5
Let m(i) be the second derivative of i**4/3 - i**3/6 + i**2 + i - 32. Let r = 6 - 4. What is the units digit of m(r)?
6
Suppose -q = -0*q. Suppose q = 6*m - 5*m. Suppose -4*v - 5*f + 49 = 0, 5*v + m*f = f + 83. What is the tens digit of v?
1
Let d = -25 - -88. Let x = d - -19. Suppose -5*j + 4*v = -2*j - x, 3*v + 53 = 2*j. What is the units digit of j?
4
Let a be (9/(-3))/(6/(-328)). Suppose d + 2 = 0, 4*d = -3*i + i + a. What is the units digit of i?
6
Suppose f + 6 = 3. Let o(y) be the first derivative of -5*y**2/2 - y + 77. What is the tens digit of o(f)?
1
Suppose 0 = -5*m - 5*t + 385, -t - 2 = 3. Suppose 40*k = 39*k + m. What is the tens digit of k?
8
Let r(b) = b**2 + b + 2. Let k be r(0). Suppose 2*o = 2*z + 320 + 4, 0 = -k*z + 3*o - 321. Let f = -98 - z. What is the tens digit of f?
6
Let d(b) = b**3 - 17*b**2 + 18*b - 9. Let t be d(16). Let i = t + -19. Suppose -67 = -i*v + g + 47, 116 = 4*v - 2*g. What is the units digit of v?
8
Suppose 4*y - 4082 = -a, -10 = 15*a - 20*a. What is the thousands digit of y?
1
Let t = 2403 - 1632. Suppose 923 = 7*v - t. What is the tens digit of v?
4
Suppose 0 = 3*n - 4*m - 2, -4*n + 4 = -3*m - 2*m. Suppose -3*o = -n*o - 24. What is the units digit of ((-12)/10)/(o/60)?
9
Let w(i) = -i**3 + 9*i**2 - 9*i - 8. Let q(m) = -m**3 - 2*m**2 - 3*m - 1. Let s be q(-2). Suppose 0 = -3*v + s*v - 14. What is the units digit of w(v)?
7
Suppose -12*q + 1470 = 2*q. What is the tens digit of q?
0
Let c = 956 + -553. What is the hundreds digit of c?
4
What is the hundreds digit of (0 - 1)/(5/(-2290))?
4
Suppose f + 3*z + 7 = 0, 4*f + 4*z = 2*z - 18. Let g(a) = 12*a + 4. Let n(i) = 13*i - 3. Let j(m) = 2*g(m) - 3*n(m). What is the tens digit of j(f)?
7
Let g(a) be the first derivative of -a**4/4 + a**3 + a**2 + 5*a + 7. Let t be g(4). What is the tens digit of 5/(t/(-63)*3)?
3
Suppose -19*t = -3628 - 438. What is the units digit of t?
4
Let r(n) = -36*n + 11*n**2 + 52*n - n**3 - 31*n. What is t